1 + (146 - 146)?
-4
Calculate -5 + (-8 - (-2 + -10)).
-1
What is the value of -6 - (-5 - -2) - (-6 + 4)?
-1
What is the value of -4 - (5 + -5 + 0 + -3)?
-1
Evaluate -1 + (-1 + -4 - -3).
-3
2 - ((1 - 2) + 2 + -2)
3
Evaluate -1 + -2 + -5 + (8 - 1).
-1
What is the value of 6 + 3 + (1 - 15)?
-5
Calculate 3 + 3 + (-3 + 0 - 1).
2
What is the value of 3 + -3 + 1 + 4?
5
12 + -2 + -9 + -6
-5
0 + 4 + -7 + (0 - 0)
-3
Calculate (7 - 1) + (9 - (-1 + 13)).
3
Evaluate 9 + -11 - -1 - -7.
6
-13 + 0 - (-4 - 4)
-5
-27 + 6 - -17 - (-1 + -1)
-2
Calculate -8 + (-3 - (-11 + 8)).
-8
What is the value of -4 + 6 + (-4 - -2) - 8?
-8
What is (4 - 3) + -6 + 1 + 1?
-3
Evaluate 0 - (-6 - -3) - (3 - 5).
5
What is the value of (1 - 5 - 1) + -55 + 56?
-4
Calculate 14 - (5 + (3 - 4) + 3).
7
What is the value of 7 + (0 - 0) + -9?
-2
4 - (3 - 0) - (6 + -1)
-4
-5 + (-2 - -5) - 3
-5
7 - (1 + (3 - -1))
2
What is -10 + 5 - (4 - 8)?
-1
What is the value of -6 - -1 - ((13 - 9) + -4)?
-5
What is the value of (3 - 1) + (6 - 5 - 5)?
-2
Calculate 5 + 0 + -4 - -4.
5
What is the value of -3 - ((-2 - 1) + -3) - 8?
-5
Calculate (4 - -4) + 0 + (-3 - 1).
4
Evaluate 192 + -198 + (-2 - (1 - 10)).
1
What is 7 + (-14 - -8 - (1 + -4))?
4
Evaluate (-8 - -4) + (7 - 0 - 7).
-4
What is -3 + -2 + 4 + 3?
2
Calculate (8 - 3) + (-4 - 2) + -1.
-2
What is the value of (0 + -1 - 2) + 2?
-1
What is the value of -8 + (-3 - (2 - 8)) + 6?
1
What is the value of (11 - 4) + -11 - 10 - -6?
-8
1 - (-4 + 2 + 2) - -4
5
Evaluate (7 - (1 - -2)) + -1 - 4.
-1
What is 1 - (0 - 0 - 1)?
2
Evaluate -2 + 1 + (-2 - -4) + 3.
4
3 + 0 + -2 + -5
-4
Calculate 33 + -27 - (0 + 6).
0
What is the value of -4 - (0 - (-1 + 6))?
1
Evaluate 6 - (6 + -8 + 5).
3
Calculate (45 - 20 - 15) + (-6 - -1).
5
Calculate (-1 + -6 - -2) + 6.
1
What is -10 + 6 + (7 - 4)?
-1
What is the value of -10 + (2 + (6 - -3) - 5)?
-4
Evaluate -3 + (2 - (10 + -4 + 3)).
-10
Evaluate -2 + 2 - (0 + 1 + -4).
3
Evaluate (-3 - 5) + -6 + 3 + 5.
-6
What is the value of 4 + -6 - 3 - -5 - 4?
-4
Calculate -11 - (-20 + 16 + (-2 - -1)).
-6
Calculate 1 + 4 + 3 + 3 + -5.
6
Evaluate 5 + (-5 - 2) + 2.
0
What is 18 - 22 - (1 - 12) - 7?
0
Evaluate (-3 - (7 + -8)) + 5.
3
Calculate -9 + 2 - (2 - 6).
-3
What is the value of -2 - (24 + -22 - (2 - 0))?
-2
What is the value of 0 + 1 + 1 + -1?
1
(4 - -3) + 14 + -20
1
Calculate (-5 - -2) + (-4 - -1).
-6
What is the value of (7 - (6 - 1)) + -8?
-6
What is the value of 2 - 3 - (2 + 0) - -4?
1
What is 18 + -18 + 5 + 1?
6
5 - 0 - (14 - (-31 - -29))
-11
What is the value of 4 + -1 + -5 + -2?
-4
What is the value of -2 + 2 + -2 - (3 - -2)?
-7
What is the value of 12 + -21 + (-9 - -9)?
-9
Calculate 1 + (-7 - (0 + 4 - 8)).
-2
Evaluate (-1 - (-1 + -4)) + -1.
3
Calculate 1 - (3 + -3 + 4).
-3
What is the value of (4 - 5) + 6 + -5 + 1?
1
What is -76 + 82 - (0 + 4)?
2
What is (-2 - (-1 + 2)) + 1 + 4?
2
Calculate 4 - (-5 - (-12 - -1)).
-2
What is the value of -2 + -1 - (-2 - 3)?
2
3 - (0 + 8) - 2
-7
1 + -2 + 10 + -5
4
Calculate -1 - (-1 + (0 - -3)).
-3
What is the value of 5 - (0 - (4 + -2))?
7
Evaluate 1 - (-7 + 6 + 0).
2
Evaluate (3 + -1 - 0) + -10 + 3.
-5
Calculate 1 - -2 - (-15 - -14).
4
-1 - -9 - -7 - 8
7
Evaluate 1 - (4 + (-4 - 1) + 3).
-1
(-2 + 2 - -3) + -2
1
-9 + 7 - (-3 - 3)
4
What is 12 + -8 + -1 + -7 - 2?
-6
Evaluate 9 + -7 + -4 - -3.
1
Evaluate 9 + 1 + -124 + 115.
1
What is -1 + -1 - (10 - (9 - -3))?
0
What is the value of -1 + 1 + 3 + (1 - 3)?
1
Calculate (3 - 4) + -2 + 5 - 2.
0
5 - 0 - (-55 - -55)
5
Evaluate (-1 - -2) + (-7 + -2 - -2).
-6
Evaluate (1 - 0 - -2) + (-6 - 6).
-9
Evaluate 2 - (-6 + 10 + 0 + 0).
-2
-1 + (1 - -7) - 2
5
-8 - (-2 + -1 + -9 + 5)
-1
Calculate 1 - (6 - (-4 + 6)) - -7.
4
What is the value of 6 - (-2 + 6 + 1)?
1
Evaluate 36 + -39 + -1 + 1.
-3
Evaluate (1 - 2) + (-1 - -7).
5
What is 13 - 20 - (0 + -8)?
1
Calculate 1 + -5 + (11 - -4) + -7.
4
What is 0 + (0 - 1) - (-91 - -85)?
5
Evaluate 0 - (7 + -9 - (3 + -5)).
0
What is (-46 + 23 - -17) + 1 + 6?
1
What is 0 + 5 + (-3 - 2) + 8?
8
Evaluate 3 + -6 - (-1 - (-4 - -2)).
-4
Calculate -3 - ((-1 - (1 - -2)) + -1).
2
What is -25 - -23 - (0 + -6)?
4
13 + (-6 - (-4 - -7))
4
What is the value of (-10 - -19) + -17 + 5?
-3
Evaluate -6 + (2 - (-10 + 1)).
5
What is the value of 6 + (0 - 1) + -4?
1
Evaluate 1 + (3 - (5 + -1 - 6)).
6
(-27 - -23) + (0 - 0) + -4
-8
Calculate -3 - (-5 + -3 + (-1 - -3)).
3
0 - (4 + (-7 - 2))
5
Evaluate 13 + -1 + (4 - 13).
3
Evaluate -2 + 1 - (-7 - 0) - 3.
3
What is 1 - (9 + -6 + 1)?
-3
What is -4 - (1 - 4 - (3 + 0))?
2
1 - (3 + 7) - (0 - 4)
-5
Calculate 12 + (5 + (2 - 4) - 10).
5
(1 - 3) + (-15 - -12) + 3
-2
Evaluate 2 - (4 + -2) - -1 - 2.
-1
Evaluate 7 + (6 - 4) - 4.
5
What is the value of 1 + -2 - 1 - -7?
5
-3 + 3 + -4 - -4
0
What is 12 + (8 + -15 - (4 + -9))?
10
What is -1 + 9 + (16 - 21)?
3
What is the value of (3 - -1) + (-64 - -65)?
5
What is (-3 - 0) + 2 + -3?
-4
(3 - (5 - 10)) + 2 + -4
6
Evaluate -8 + (28 + -3 - 10).
7
What is (0 - -2) + -9 + 4 - 2?
-5
What is the value of -9 + 12 + -1 - 12?
-10
What is the value of (-7 - -3 - -4) + -3?
-3
Calculate -2 + (3 - -4 - (-1 + 3)).
3
What is the value of (4 - (-4 + 4)) + -1?
3
What is the value of (-1 - 3) + (-9 - -9)?
-4
Calculate 10 - (13 - 8) - -3.
8
What is the value of (3 + -4 - -1) + -2?
-2
-7 + 2 - (-12 - (-8 - -4))
3
Calculate 12 + -7 - (-1 - 0).
6
What is 7 - (17 - (10 + -3))?
-3
-16 + 5 - -6 - -3
-2
Evaluate -5 - (-6 - -6 - (0 - -1)).
-4
Evaluate (-5 - (3 + -2)) + 4 + 0.
-2
What is the value of -10 + 3 + -3 - -1?
-9
Evaluate (0 - 8) + (54 - 46).
0
What is the value of 8 - 1 - -5 - 9?
3
What is (1 - -3) + (13 + -25 - -11)?
3
What is the value of -14 + 10 + (-2 - -2)?
-4
Calculate -5 - (2 + 2) - (-16 + 10).
-3
What is -4 + -3 + 9 + -2 + 1?
1
Calculate -2 + (6 - 11) + (15 - 12).
-4
-8 + 8 + -5 + 11
6
What is the value of -2 + 4 + (-5 - -8)?
5
What is 1 + 1 + -4 + -11 + 5?
-8
(-4 - 1) + -9 + 14
0
Evaluate -5 - ((-1 - -2 - 4) + 3).
-5
What is (-3 - -3) + 1 + 1?
2
What is 4 + -2 + -11 + (17 - 11)?
-3
What is the value of 3 + -2 - (-13 - -16)?
-2
What is -6 - (1 + (2 - 8))?
-1
What is the value of -5 + (6 - (-3 - -5))?
-1
What is the value of 1 + 3 + -3 + -5 + 3?
-1
What is the value of -2 + -4 - (-2 + -1)?
-3
Calculate 5 - 2 - 7 - -4.
0
What is the value of (4 - 6 - 1) + 11?
8
Calculate 2 + -6 - -7 - (6 - -1).
-4
What is 9 + 6 + (-5 - 27) + 9?
-8
Evaluate (26 - 21) + (0 + 1 - 6).
0
What is -6 + 2 + 0 + 7?
3
What is 132 - 124 - (2 + 0)?
6
Evaluate (19 - 7) + -12 + -8.
-8
What is -7 + (11 - 11) + (1 - -1)?
-5
Calculate -2 + (9 - 2) + -23 + 16.
-2
What is the value of (-3 - -6 - 2) + 1?
2
What is -5 + (10 - 19) + 6?
-8
What is 3 - (-2 + 8 + -2)?
-1
Evaluate 2 + -1 + (-6 - -2) + -2.
-5
What is the value of -4 + 5 - 1 - (6 - 2)?
-4
What is -1 + (4 - 2) + 2?
3
-8 - (2 - 3 - 2)
-5
What is (20 + 0 - 9) + -17?
-6
Calculate 5 + (-1 + 5 - 3) + -16.
-10
What is 8 - (7 + 5 + (1 - 6))?
1
Evaluate -6 - (-4 - -9) - -15.
4
Evaluate 23 + -22 - (1 + -4).
4
Calculate -1 + (-3 - (5 + -6)).
-3
5 + 3 + -5 + -5 + 4
2
Evaluate 0 - -3 - (-35 - -38).
0
Calculate -6 + (3 + -3 - -6).
0
Calculate (-2 - (-4 - -12)) + 6.
-4
Calculate 1 + 2 + 2 + 1.
6
-4 + -2 + 0 + 2
-4
What is the value of -2 + (3 - (-2 - (4 - 7)))?
0
What is -8 + (9 - (18 - 10))?
-7
0 - (1 + -2 + 5)
-4
What is the value of -3 + (0 + 7 - 7)?
-3
-1 + (-2 - -2 - -2) + -2
-1
Calculate (89 - 93) + (-3 - -1).
-6
Evaluate 7 - 5 - 5 - 4.
-7
What is the value of 1 + -2 + (-27 - -32) + 1?
5
Evaluate -62 - -60 - (3 - -1 - 1).
-5
Evaluate (2 - 2) + (22 - 26).
-4
Evaluate (6 - (4 - -7)) + (-5 - -6).
-4
What is (4 - 13) + 13 - (3 + -1)?
2
What is the value of 3 + -4 + 11 + -4 + -5?
1
What is the value of 8 + 4 + -5 + -4?
3
What is -2 - (8 - -1) - -6?
-5
What is the value of (70 - 72) + (1 - -5)?
4
What is the value of (99 - 106) + 5 + 1?
-1
What is the value of (-8 - (10 + -17)) + -5?
-6
3 + 3 - (5 - (-2 - -3))
2
What is the value of -5 - (-6 - (-2 + (1 - 3)))?
-3
14 + -2 - -2 - 3 - 4
7
What is (-1 - -2) + 3 - 5?
-1
Evaluate 9 + (7 - (5 - -11)).
0
What is -4 + 6 + (-5 - 0)?
-3
Evaluate (3 - 5) + -5 - -12.
5
Evaluate 1 - (-2 + 5) - (-3 - -2).
-1
What is (7 - (7 + -8)) + -3?
5
What is the value of -7 + 4 - (7 - 3 - 5)?
-2
What is (-6 - 9) + (34 - 28)?
-9
What is the value of 20 - 24 - 